{"id":11,"date":"2026-01-29T23:07:33","date_gmt":"2026-01-29T22:07:33","guid":{"rendered":"https:\/\/anetacurzydlofotografia.pl\/?page_id=11"},"modified":"2026-01-30T15:52:28","modified_gmt":"2026-01-30T14:52:28","slug":"oferta","status":"publish","type":"page","link":"https:\/\/anetacurzydlofotografia.pl\/?page_id=11","title":{"rendered":"Oferta"},"content":{"rendered":"\n<div class=\"wp-block-group alignfull has-global-padding is-layout-constrained wp-container-core-group-is-layout-4d69848d wp-block-group-is-layout-constrained\" style=\"padding-top:var(--wp--preset--spacing--80);padding-bottom:var(--wp--preset--spacing--80)\">\n<div class=\"wp-block-group is-layout-flow wp-container-core-group-is-layout-ad2be8a0 wp-block-group-is-layout-flow\" style=\"padding-right:var(--wp--preset--spacing--80);padding-left:var(--wp--preset--spacing--80)\">\n<h2 class=\"wp-block-heading has-text-align-center has-base-color\">Oferta fotografii \u015blubnej<\/h2>\n\n\n\n<p class=\"has-text-align-center has-quaternary-color has-text-color has-link-color has-small-font-size wp-elements-3c2319ab63316f3738dd3958f238e94c\" style=\"font-style:normal;font-weight:300\">DELIKATNO\u015a\u0106, \u015aWIAT\u0141O I MI\u0141O\u015a\u0106 \u2013 ZATRZYMANE W KADRACH WIERZ\u0118, \u017bE PI\u0118KNO TKWI W PROSTOCIE, A NAJPI\u0118KNIEJSZE ZDJ\u0118CIA POWSTAJ\u0104 WTEDY, GDY PO PROSTU JESTE\u015aCIE SOB\u0104. FOTOGRAFUJ\u0118 CZU\u0141O\u015a\u0106, U\u015aMIECHY, SPOJRZENIA. STAWIAM NA NATURALNO\u015a\u0106, CIEP\u0141E KOLORY I SUBTELNY KLIMAT.<\/p>\n<\/div>\n\n\n\n<div class=\"wp-block-columns alignwide are-vertically-aligned-top is-layout-flex wp-container-core-columns-is-layout-2709eace wp-block-columns-is-layout-flex\">\n<div class=\"wp-block-column is-vertically-aligned-top is-layout-flow wp-block-column-is-layout-flow\" style=\"flex-basis:33.33%\">\n<div class=\"wp-block-group has-border-color has-quinary-border-color has-global-padding is-layout-constrained wp-container-core-group-is-layout-19e250f3 wp-block-group-is-layout-constrained\" style=\"border-style:solid;border-width:1px\">\n<div class=\"wp-block-group has-global-padding is-layout-constrained wp-container-core-group-is-layout-c623fecd wp-block-group-is-layout-constrained\" style=\"padding-top:var(--wp--preset--spacing--40);padding-right:var(--wp--preset--spacing--40);padding-bottom:var(--wp--preset--spacing--40);padding-left:var(--wp--preset--spacing--40)\">\n<h4 class=\"wp-block-heading has-text-align-center\">Pakiet Rumiankowy<\/h4>\n\n\n\n<h2 class=\"wp-block-heading has-text-align-center\">1 000 z\u0142<\/h2>\n\n\n\n<p class=\"has-text-align-center\">Na klasyczne \u015bluby w ko\u015bciele czy urz\u0119dzie ale i te intymne \u015bluby w lesie, w ogrodzie lub na \u0142\u0105ce<\/p>\n<\/div>\n\n\n\n<div class=\"wp-block-group has-quinary-background-color has-background is-vertical is-content-justification-center is-layout-flex wp-container-core-group-is-layout-240483b9 wp-block-group-is-layout-flex\" style=\"padding-top:var(--wp--preset--spacing--40);padding-right:var(--wp--preset--spacing--40);padding-bottom:var(--wp--preset--spacing--40);padding-left:var(--wp--preset--spacing--40)\">\n<ul class=\"wp-block-list is-style-checkmark-list has-small-font-size is-style-checkmark-list--1\">\n<li>Reporta\u017c do 4 godzin<\/li>\n\n\n\n<li>Ceremonia + emocjonalny mini plener<\/li>\n\n\n\n<li>100 zdj\u0119\u0107 po autorskiej obr\u00f3bce<\/li>\n\n\n\n<li>Galeria online<\/li>\n\n\n\n<li>10 odbitek w lnianej kopercie<\/li>\n<\/ul>\n<\/div>\n<\/div>\n<\/div>\n\n\n\n<div class=\"wp-block-column is-vertically-aligned-top is-layout-flow wp-block-column-is-layout-flow\" style=\"flex-basis:33.33%\">\n<div class=\"wp-block-group has-border-color has-quinary-border-color has-default-color has-secondary-background-color has-text-color has-background has-link-color wp-elements-38073eb34080aaa1f9064826ae2b7a47 has-global-padding is-layout-constrained wp-container-core-group-is-layout-19e250f3 wp-block-group-is-layout-constrained\" style=\"border-style:solid;border-width:1px\">\n<div class=\"wp-block-group has-global-padding is-layout-constrained wp-container-core-group-is-layout-c623fecd wp-block-group-is-layout-constrained\" style=\"padding-top:var(--wp--preset--spacing--40);padding-right:var(--wp--preset--spacing--40);padding-bottom:var(--wp--preset--spacing--40);padding-left:var(--wp--preset--spacing--40)\">\n<h4 class=\"wp-block-heading has-text-align-center\">Pakiet Polne Kwiaty<\/h4>\n\n\n\n<h2 class=\"wp-block-heading has-text-align-center\">1 500 z\u0142<\/h2>\n\n\n\n<p class=\"has-text-align-center\">Dla Par, kt\u00f3re chc\u0105 opowie\u015bci z ca\u0142ego dnia<\/p>\n<\/div>\n\n\n\n<div class=\"wp-block-group is-vertical is-content-justification-center is-layout-flex wp-container-core-group-is-layout-240483b9 wp-block-group-is-layout-flex\" style=\"padding-top:var(--wp--preset--spacing--40);padding-right:var(--wp--preset--spacing--40);padding-bottom:var(--wp--preset--spacing--40);padding-left:var(--wp--preset--spacing--40)\">\n<ul class=\"wp-block-list is-style-checkmark-list has-small-font-size is-style-checkmark-list--2\">\n<li>Reporta\u017c od przygotowa\u0144 do pierwszego ta\u0144ca<\/li>\n\n\n\n<li>Mini plener w dniu \u015blubu (najlepiej o z\u0142otej godzinie)<\/li>\n\n\n\n<li>250 zdj\u0119\u0107 po obr\u00f3bce<\/li>\n\n\n\n<li>Pendrive + 30 odbitek w drewnianym pude\u0142ku<\/li>\n\n\n\n<li>Galeria online<\/li>\n<\/ul>\n<\/div>\n\n\n\n<div class=\"wp-block-buttons is-content-justification-center is-layout-flex wp-container-core-buttons-is-layout-68f95e0b wp-block-buttons-is-layout-flex\" style=\"padding-top:var(--wp--preset--spacing--40);padding-right:var(--wp--preset--spacing--40);padding-bottom:var(--wp--preset--spacing--40);padding-left:var(--wp--preset--spacing--40)\"><\/div>\n<\/div>\n<\/div>\n\n\n\n<div class=\"wp-block-column is-vertically-aligned-top is-layout-flow wp-block-column-is-layout-flow\" style=\"flex-basis:33.33%\">\n<div class=\"wp-block-group has-border-color has-quinary-border-color has-global-padding is-layout-constrained wp-container-core-group-is-layout-19e250f3 wp-block-group-is-layout-constrained\" style=\"border-style:solid;border-width:1px\">\n<div class=\"wp-block-group has-global-padding is-layout-constrained wp-container-core-group-is-layout-c623fecd wp-block-group-is-layout-constrained\" style=\"padding-top:var(--wp--preset--spacing--40);padding-right:var(--wp--preset--spacing--40);padding-bottom:var(--wp--preset--spacing--40);padding-left:var(--wp--preset--spacing--40)\">\n<h4 class=\"wp-block-heading has-text-align-center\">Pakiet Ksi\u0119\u017cycowa Noc<\/h4>\n\n\n\n<h2 class=\"wp-block-heading has-text-align-center\">2 500 z\u0142<\/h2>\n\n\n\n<p class=\"has-text-align-center\">Dla marzycieli, kt\u00f3rzy chc\u0105 magii i pe\u0142nej opowie\u015bci<\/p>\n<\/div>\n\n\n\n<div class=\"wp-block-group has-quinary-background-color has-background is-vertical is-content-justification-center is-layout-flex wp-container-core-group-is-layout-240483b9 wp-block-group-is-layout-flex\" style=\"padding-top:var(--wp--preset--spacing--40);padding-right:var(--wp--preset--spacing--40);padding-bottom:var(--wp--preset--spacing--40);padding-left:var(--wp--preset--spacing--40)\">\n<ul class=\"wp-block-list is-style-checkmark-list has-small-font-size is-style-checkmark-list--3\">\n<li>Pe\u0142en reporta\u017c \u015blubny (od ceremonii za\u015blubin do oczepin)<\/li>\n\n\n\n<li>Plener w dniu \u015blubu<\/li>\n\n\n\n<li>350 zdj\u0119\u0107 po obr\u00f3bce<\/li>\n\n\n\n<li>Drewniane pude\u0142ko + 50 odbitek (10&#215;15) + pendrive<\/li>\n\n\n\n<li>Galeria online<\/li>\n<\/ul>\n<\/div>\n\n\n\n<div class=\"wp-block-buttons is-content-justification-center is-layout-flex wp-container-core-buttons-is-layout-68f95e0b wp-block-buttons-is-layout-flex\" style=\"padding-top:var(--wp--preset--spacing--40);padding-right:var(--wp--preset--spacing--40);padding-bottom:var(--wp--preset--spacing--40);padding-left:var(--wp--preset--spacing--40)\"><\/div>\n<\/div>\n<\/div>\n<\/div>\n\n\n\n<hr class=\"wp-block-separator has-alpha-channel-opacity\"\/>\n\n\n\n<div class=\"wp-block-group alignfull has-global-padding is-layout-constrained wp-container-core-group-is-layout-4d69848d wp-block-group-is-layout-constrained\" style=\"padding-top:var(--wp--preset--spacing--80);padding-bottom:var(--wp--preset--spacing--80)\">\n<div class=\"wp-block-group is-layout-flow wp-container-core-group-is-layout-ad2be8a0 wp-block-group-is-layout-flow\" style=\"padding-right:var(--wp--preset--spacing--80);padding-left:var(--wp--preset--spacing--80)\">\n<h2 class=\"wp-block-heading has-text-align-center has-base-color\">Pakiet Ksi\u0119\u017cycowa Noc<\/h2>\n\n\n\n<p class=\"has-text-align-center has-quaternary-color has-text-color has-link-color has-small-font-size wp-elements-c877196a54558369c2cdd8d1f503e286\" style=\"font-style:normal;font-weight:300\">POWSTA\u0141 Z MY\u015aL\u0104 O WAS<\/p>\n\n\n\n<p>TO PROPOZYCJA DLA DUSZ WRA\u017bLIWYCH. DLA ZAKOCHANYCH, KT\u00d3RZY CHC\u0104 ZDJ\u0118\u0106 Z DUSZ\u0104, NIEPOWTARZALNEGO KLIMATU I SUBTELNYCH DETALI. BEZ SZTYWNEJ REZYSERII. ZA TO Z PRZESTRZENI\u0104 NA BLISKO\u015a\u0106, \u015aMIECH, \u0141ZY WZRUSZENIA I MOMENTY, KT\u00d3RE ZDARZAJ\u0104 SI\u0118 TYLKO RAZ.<\/p>\n\n\n\n<p>TUTAJ WSZYSTKO MA ZNACZENIE &#8211; KOLORY, FAKTURY, ZAPACH SUSZONYCH KWIAT\u00d3W, \u015aWIAT\u0141O ODBIJAJ\u0104CE SI\u0118 OD KORONKOWEJ SUKNI. MOJE KADRY B\u0118D\u0104 JAK LIST MI\u0141OSNY DO WASZEGO DNIA &#8211;<\/p>\n\n\n\n<p>SZCZERY, PI\u0118KNY I NIEPOWTARZALNY.<\/p>\n\n\n\n<p class=\"has-text-align-center has-quaternary-color has-text-color has-link-color has-small-font-size wp-elements-4ded0da6f43b2e8ec1311865522bf7ce\" style=\"font-style:normal;font-weight:300\">WYBIERZCIE SWOJ\u0104 WERSJ\u0118 KSI\u0118\u017bYCOWEJ OPOWIE\u015aCI.<\/p>\n<\/div>\n\n\n\n<div class=\"wp-block-columns alignwide are-vertically-aligned-top is-layout-flex wp-container-core-columns-is-layout-2709eace wp-block-columns-is-layout-flex\">\n<div class=\"wp-block-column is-vertically-aligned-top is-layout-flow wp-block-column-is-layout-flow\" style=\"flex-basis:33.33%\">\n<div class=\"wp-block-group has-border-color has-quinary-border-color has-global-padding is-layout-constrained wp-container-core-group-is-layout-19e250f3 wp-block-group-is-layout-constrained\" style=\"border-style:solid;border-width:1px\">\n<div class=\"wp-block-group has-global-padding is-layout-constrained wp-container-core-group-is-layout-c623fecd wp-block-group-is-layout-constrained\" style=\"padding-top:var(--wp--preset--spacing--40);padding-right:var(--wp--preset--spacing--40);padding-bottom:var(--wp--preset--spacing--40);padding-left:var(--wp--preset--spacing--40)\">\n<h4 class=\"wp-block-heading has-text-align-center\">Pakiet Ksi\u0119\u017cycowa Noc &#8211; podstawowy<\/h4>\n\n\n\n<h2 class=\"wp-block-heading has-text-align-center\">2 500 z\u0142<\/h2>\n\n\n\n<p class=\"has-text-align-center\">Dla marzycieli, kt\u00f3rzy chc\u0105 magii i pe\u0142nej opowie\u015bci<\/p>\n<\/div>\n\n\n\n<div class=\"wp-block-group has-quinary-background-color has-background is-vertical is-content-justification-center is-layout-flex wp-container-core-group-is-layout-240483b9 wp-block-group-is-layout-flex\" style=\"padding-top:var(--wp--preset--spacing--40);padding-right:var(--wp--preset--spacing--40);padding-bottom:var(--wp--preset--spacing--40);padding-left:var(--wp--preset--spacing--40)\">\n<ul class=\"wp-block-list is-style-checkmark-list has-small-font-size is-style-checkmark-list--4\">\n<li>Pe\u0142en reporta\u017c \u015blubny (od ceremonii za\u015blubin do oczepin)<\/li>\n\n\n\n<li>Plener w dniu \u015blubu<\/li>\n\n\n\n<li>400 zdj\u0119\u0107 po obr\u00f3bce<\/li>\n\n\n\n<li>Stylowe pude\u0142ko + 50 odbitek (10&#215;15) + pendrive<\/li>\n\n\n\n<li>Galeria online<\/li>\n<\/ul>\n<\/div>\n\n\n\n<div class=\"wp-block-buttons is-content-justification-center is-layout-flex wp-container-core-buttons-is-layout-68f95e0b wp-block-buttons-is-layout-flex\" style=\"padding-top:var(--wp--preset--spacing--40);padding-right:var(--wp--preset--spacing--40);padding-bottom:var(--wp--preset--spacing--40);padding-left:var(--wp--preset--spacing--40)\"><\/div>\n<\/div>\n<\/div>\n\n\n\n<div class=\"wp-block-column is-vertically-aligned-top is-layout-flow wp-block-column-is-layout-flow\" style=\"flex-basis:33.33%\">\n<div class=\"wp-block-group has-border-color has-quinary-border-color has-default-color has-secondary-background-color has-text-color has-background has-link-color wp-elements-fd22585f171cb499c13bbacb83908177 has-global-padding is-layout-constrained wp-container-core-group-is-layout-19e250f3 wp-block-group-is-layout-constrained\" style=\"border-style:solid;border-width:1px\">\n<div class=\"wp-block-group has-global-padding is-layout-constrained wp-container-core-group-is-layout-c623fecd wp-block-group-is-layout-constrained\" style=\"padding-top:var(--wp--preset--spacing--40);padding-right:var(--wp--preset--spacing--40);padding-bottom:var(--wp--preset--spacing--40);padding-left:var(--wp--preset--spacing--40)\">\n<h4 class=\"wp-block-heading has-text-align-center\">Pakiet Ksi\u0119\u017cycowa Noc &#8211; plus<\/h4>\n\n\n\n<h2 class=\"wp-block-heading has-text-align-center\">3 000 z\u0142<\/h2>\n\n\n\n<p class=\"has-text-align-center\">Dla tych, kt\u00f3rzy chc\u0105 z\u0142apa\u0107 oddech we dwoje &#8211; z dala od zgie\u0142ku Zawiera wszystko z pakietu podstawowego, a dodatkowo:<\/p>\n<\/div>\n\n\n\n<div class=\"wp-block-group is-vertical is-content-justification-center is-layout-flex wp-container-core-group-is-layout-240483b9 wp-block-group-is-layout-flex\" style=\"padding-top:var(--wp--preset--spacing--40);padding-right:var(--wp--preset--spacing--40);padding-bottom:var(--wp--preset--spacing--40);padding-left:var(--wp--preset--spacing--40)\">\n<ul class=\"wp-block-list is-style-checkmark-list has-small-font-size is-style-checkmark-list--5\">\n<li>Plener w inny dzie\u0144 &#8211; w lesie, w g\u00f3rach lub nad wod\u0105<\/li>\n\n\n\n<li>Wi\u0119ksza liczba zdj\u0119\u0107: 600 po autorskiej obr\u00f3bce<\/li>\n\n\n\n<li>Wi\u0119kszy format wydruk\u00f3w 50 odbitek format 15&#215;23<\/li>\n\n\n\n<li>Galeria online<\/li>\n<\/ul>\n<\/div>\n\n\n\n<div class=\"wp-block-buttons is-content-justification-center is-layout-flex wp-container-core-buttons-is-layout-68f95e0b wp-block-buttons-is-layout-flex\" style=\"padding-top:var(--wp--preset--spacing--40);padding-right:var(--wp--preset--spacing--40);padding-bottom:var(--wp--preset--spacing--40);padding-left:var(--wp--preset--spacing--40)\"><\/div>\n<\/div>\n<\/div>\n\n\n\n<div class=\"wp-block-column is-vertically-aligned-top is-layout-flow wp-block-column-is-layout-flow\" style=\"flex-basis:33.33%\">\n<div class=\"wp-block-group has-border-color has-quinary-border-color has-global-padding is-layout-constrained wp-container-core-group-is-layout-19e250f3 wp-block-group-is-layout-constrained\" style=\"border-style:solid;border-width:1px\">\n<div class=\"wp-block-group has-global-padding is-layout-constrained wp-container-core-group-is-layout-c623fecd wp-block-group-is-layout-constrained\" style=\"padding-top:var(--wp--preset--spacing--40);padding-right:var(--wp--preset--spacing--40);padding-bottom:var(--wp--preset--spacing--40);padding-left:var(--wp--preset--spacing--40)\">\n<h4 class=\"wp-block-heading has-text-align-center\">Pakiet Ksi\u0119\u017cycowa Noc &#8211; deluxe<\/h4>\n\n\n\n<h2 class=\"wp-block-heading has-text-align-center\">3 500 z\u0142<\/h2>\n\n\n\n<p class=\"has-text-align-center\">Dla par, kt\u00f3re chc\u0105 pe\u0142nej historii &#8211; oprawionej z klas\u0105 i sercem Zawiera wszystko z pakietu Ksi\u0119\u017cycowa Noc+, a dodatkowo:<\/p>\n<\/div>\n\n\n\n<div class=\"wp-block-group has-quinary-background-color has-background is-vertical is-content-justification-center is-layout-flex wp-container-core-group-is-layout-240483b9 wp-block-group-is-layout-flex\" style=\"padding-top:var(--wp--preset--spacing--40);padding-right:var(--wp--preset--spacing--40);padding-bottom:var(--wp--preset--spacing--40);padding-left:var(--wp--preset--spacing--40)\">\n<ul class=\"wp-block-list is-style-checkmark-list has-small-font-size is-style-checkmark-list--6\">\n<li>Wszystkie zdj\u0119cia po autorskiej obr\u00f3bce w galerii online<\/li>\n\n\n\n<li>Luksusowy fotoalbum 30&#215;30 cm &#8211; 10 rozk\u0142ad\u00f3wek<\/li>\n\n\n\n<li>Mo\u017cliwo\u015b\u0107 konsultacji stylizacji pleneru<\/li>\n<\/ul>\n<\/div>\n\n\n\n<div class=\"wp-block-buttons is-content-justification-center is-layout-flex wp-container-core-buttons-is-layout-68f95e0b wp-block-buttons-is-layout-flex\" style=\"padding-top:var(--wp--preset--spacing--40);padding-right:var(--wp--preset--spacing--40);padding-bottom:var(--wp--preset--spacing--40);padding-left:var(--wp--preset--spacing--40)\"><\/div>\n<\/div>\n<\/div>\n<\/div>\n<\/div>\n\n\n\n<hr class=\"wp-block-separator has-alpha-channel-opacity\"\/>\n\n\n\n<div class=\"wp-block-group has-border-color has-quinary-border-color has-global-padding is-layout-constrained wp-container-core-group-is-layout-19e250f3 wp-block-group-is-layout-constrained\" style=\"border-style:solid;border-width:1px\">\n<div class=\"wp-block-group has-global-padding is-layout-constrained wp-container-core-group-is-layout-c623fecd wp-block-group-is-layout-constrained\" style=\"padding-top:var(--wp--preset--spacing--40);padding-right:var(--wp--preset--spacing--40);padding-bottom:var(--wp--preset--spacing--40);padding-left:var(--wp--preset--spacing--40)\">\n<h4 class=\"wp-block-heading has-text-align-center\">* Luksusowy fotoalbum 30&#215;30<\/h4>\n\n\n\n<h3 class=\"wp-block-heading has-text-align-center\">400 z\u0142<\/h3>\n<\/div>\n\n\n\n<div class=\"wp-block-group has-global-padding is-layout-constrained wp-container-core-group-is-layout-c623fecd wp-block-group-is-layout-constrained\" style=\"padding-top:var(--wp--preset--spacing--40);padding-right:var(--wp--preset--spacing--40);padding-bottom:var(--wp--preset--spacing--40);padding-left:var(--wp--preset--spacing--40)\">\n<h4 class=\"wp-block-heading has-text-align-center\">* Luksusowy fotoalbum 30&#215;30 + 2 mini albumy dla rodzic\u00f3w<\/h4>\n\n\n\n<h3 class=\"wp-block-heading has-text-align-center\">800 z\u0142<\/h3>\n<\/div>\n\n\n\n<div class=\"wp-block-buttons is-content-justification-center is-layout-flex wp-container-core-buttons-is-layout-68f95e0b wp-block-buttons-is-layout-flex\" style=\"padding-top:var(--wp--preset--spacing--40);padding-right:var(--wp--preset--spacing--40);padding-bottom:var(--wp--preset--spacing--40);padding-left:var(--wp--preset--spacing--40)\"><\/div>\n<\/div>\n\n\n\n<hr class=\"wp-block-separator has-alpha-channel-opacity\"\/>\n\n\n\n<blockquote class=\"wp-block-quote is-layout-flow wp-block-quote-is-layout-flow\">\n<p class=\"has-text-align-center\">Nie wiem, jaka b\u0119dzie pogoda.<\/p>\n\n\n\n<p class=\"has-text-align-center\">Mo\u017ce troch\u0119 s\u0142o\u0144ca, mo\u017ce troch\u0119 wzruszenia.<\/p>\n\n\n\n<p class=\"has-text-align-center\">Nie wiem, co powiecie sobie w ciszy, gdy nikt nie b\u0119dzie s\u0142ysza\u0142.<\/p>\n\n\n\n<p class=\"has-text-align-center\">Ale wiem, \u017ce b\u0119dzie to dzie\u0144, kt\u00f3ry warto zapami\u0119ta\u0107.<\/p>\n\n\n\n<p class=\"has-text-align-center\">Ch\u0119tnie &#8211; b\u0119d\u0119 blisko &#8211; z aparatem, ale przede wszystkim &#8211; z sercem.<\/p>\n<\/blockquote>\n\n\n\n<hr class=\"wp-block-separator has-alpha-channel-opacity\"\/>\n<\/div>\n","protected":false},"excerpt":{"rendered":"<p>Oferta fotografii \u015blubnej DELIKATNO\u015a\u0106, \u015aWIAT\u0141O I MI\u0141O\u015a\u0106 \u2013 ZATRZYMANE W KADRACH WIERZ\u0118, \u017bE PI\u0118KNO TKWI W PROSTOCIE, A NAJPI\u0118KNIEJSZE ZDJ\u0118CIA POWSTAJ\u0104 WTEDY, GDY PO PROSTU JESTE\u015aCIE SOB\u0104. FOTOGRAFUJ\u0118 CZU\u0141O\u015a\u0106, U\u015aMIECHY, SPOJRZENIA. STAWIAM NA NATURALNO\u015a\u0106, CIEP\u0141E KOLORY I SUBTELNY KLIMAT. Pakiet Rumiankowy 1 000 z\u0142 Na klasyczne \u015bluby w ko\u015bciele czy urz\u0119dzie ale i te intymne [&hellip;]<\/p>\n","protected":false},"author":1,"featured_media":0,"parent":0,"menu_order":0,"comment_status":"closed","ping_status":"closed","template":"","meta":{"footnotes":""},"class_list":["post-11","page","type-page","status-publish","hentry"],"_links":{"self":[{"href":"https:\/\/anetacurzydlofotografia.pl\/index.php?rest_route=\/wp\/v2\/pages\/11","targetHints":{"allow":["GET"]}}],"collection":[{"href":"https:\/\/anetacurzydlofotografia.pl\/index.php?rest_route=\/wp\/v2\/pages"}],"about":[{"href":"https:\/\/anetacurzydlofotografia.pl\/index.php?rest_route=\/wp\/v2\/types\/page"}],"author":[{"embeddable":true,"href":"https:\/\/anetacurzydlofotografia.pl\/index.php?rest_route=\/wp\/v2\/users\/1"}],"replies":[{"embeddable":true,"href":"https:\/\/anetacurzydlofotografia.pl\/index.php?rest_route=%2Fwp%2Fv2%2Fcomments&post=11"}],"version-history":[{"count":6,"href":"https:\/\/anetacurzydlofotografia.pl\/index.php?rest_route=\/wp\/v2\/pages\/11\/revisions"}],"predecessor-version":[{"id":209,"href":"https:\/\/anetacurzydlofotografia.pl\/index.php?rest_route=\/wp\/v2\/pages\/11\/revisions\/209"}],"wp:attachment":[{"href":"https:\/\/anetacurzydlofotografia.pl\/index.php?rest_route=%2Fwp%2Fv2%2Fmedia&parent=11"}],"curies":[{"name":"wp","href":"https:\/\/api.w.org\/{rel}","templated":true}]}}